he units digit of k(x)?
3
Let m(v) = 6*v**2 - 12*v - 5. Suppose 202 = -33*s - 194. What is the tens digit of m(s)?
0
Suppose 0 = -5*s + 5 + 15. Let o be (-18)/s*(-198)/(-3)*1. Let r = -149 - o. What is the units digit of r?
8
Suppose -15347 - 4579 = -2*c + 4*l, 4*l - 39852 = -4*c. What is the hundreds digit of c?
9
Suppose 2*d + 5*r - 33958 = 0, 5*d + r = 69681 + 15260. What is the ten thousands digit of d?
1
What is the units digit of ((-3)/(-3 - 343/(-112)))/(18/(-24276))?
6
Suppose 13699 = 2*o + 5*g, -o + 2*o = -5*g + 6847. Suppose 13*k - o = -1795. What is the hundreds digit of k?
3
Suppose -56*z + 230 = -10*z. Let f = 57 - 83. What is the tens digit of z + f/6 - 410/(-6)?
6
Let w = -125251 + 193917. What is the units digit of w?
6
Let v = -220 - -206. Let i(t) = -5*t**2 - 3*t - 27. Let h(u) = -9*u**2 - 6*u - 53. Let w(c) = -4*h(c) + 7*i(c). What is the hundreds digit of w(v)?
1
Suppose -32 = -3*z + 4*l, -4*l = 2*z - z + 16. Let f(i) be the first derivative of 23*i**2/2 - 5*i + 13. What is the units digit of f(z)?
7
Let u(a) = a**3 + 52*a**2 - 47*a - 11. Let f be u(-52). Suppose -1168*x + 1171*x - f = 0. What is the tens digit of x?
1
Let c = -1376 - -8245. What is the tens digit of c?
6
Let r(x) = x**2 - 10*x + 14. Let j be r(5). Let z = j + 211. What is the hundreds digit of z?
2
Let a(m) = m**3 - 3*m**2 + 4*m + 4. Let k be a(3). Let i be k + 4/8*-8. Let y(c) = c**3 - 13*c**2 + 13*c + 14. What is the units digit of y(i)?
6
Let h(c) be the first derivative of -c**4/12 + 35*c**3/6 + 9*c**2 - 21. Let r(a) be the second derivative of h(a). What is the units digit of r(-11)?
7
Let v(z) = -z**3 - 8*z**2 - 9*z + 11. Let g be v(-6). Let c(b) = -2*b**3 - 10*b**2 + b - 20. What is the hundreds digit of c(g)?
1
Suppose v = 4, 2*d = 5*v + 7127 - 283. What is the units digit of d?
2
Let m(c) = 13*c - 281. Let h be m(22). What is the units digit of (((-5985)/12)/h)/((-84)/224)?
6
Let f = 19461 + 2147. What is the tens digit of f?
0
Let a(c) = -33*c - 16. Let u(v) = -133*v - 65. Let h(t) = -9*a(t) + 2*u(t). What is the tens digit of h(12)?
8
Let p(w) = -3*w**2 - 4*w + 64. Let j be p(6). What is the tens digit of (2/(-8))/(j/284784)?
4
Let j(s) = -140*s - 9. Let x be j(3). Let y be x/(-6) - 21/14. Let a = 19 + y. What is the tens digit of a?
8
Let o be ((-22)/(-2))/1 + 4. Let g = 37 - o. Suppose -g*d + 17*d = -40. What is the units digit of d?
8
Let r(p) = -22*p + 92. Let k = -254 - -231. What is the hundreds digit of r(k)?
5
Let c(u) = -273*u - 2. Let q be c(2). Let i = -62 - -65. What is the tens digit of i/2 + q/(-8)?
7
Suppose 79*o = 86*o - 31346. What is the hundreds digit of o?
4
Let t(w) = 5 - w + 2*w**2 + 6*w + 2 - 2*w**3. Let b(n) = -n**2 - 34*n - 36. Let o be b(-33). What is the units digit of t(o)?
4
Let b(v) = -5*v - 95. Let j be b(-15). What is the units digit of j/20*489*-1?
9
Let j(i) be the first derivative of -49*i**3/3 + i**2/2 - 30. Let f be j(-2). Let z = 21 - f. What is the hundreds digit of z?
2
Suppose 3*p = 4*y + 57 + 165, -2*p - 232 = 4*y. Let f be ((-19)/y)/(0 + (-1)/(-465)). Let u = 260 - f. What is the hundreds digit of u?
1
Let h = -295 + 75. Suppose 4*c + 2*r = 905 + 455, 2*r = -8. Let a = h + c. What is the tens digit of a?
2
Let g(u) = 7*u**2 + 127*u + 474. What is the units digit of g(-47)?
8
Suppose 232*o = 193*o + 468. Let c(x) = -28 + 18*x - 2*x**2 + 10*x + x**2. What is the tens digit of c(o)?
6
Let u = 22 - 14. What is the hundreds digit of (-4)/(u/14 - 2690/4585)?
2
Let g be -1*(-6)/(-39) - (-29435)/(-65). Let l = -230 - g. What is the units digit of l?
3
Let b(n) = -5*n**2 - 7*n + 23. Let d(s) = -s**2 - 1. Let l(r) = -b(r) + 4*d(r). Let z be 3 + 2/(12/(-78)). What is the units digit of l(z)?
3
Suppose -5*p + 754 = 4*t, t - 2*p + 562 = 4*t. Let f = t + -46. What is the hundreds digit of f?
1
Suppose 51 = 5*f - 3*l - 14, -3*f + 43 = -l. What is the units digit of 796/16*9/(18/f)?
8
Let p(b) = b + 5 - 13 + 4*b + 47*b**2 - 16. What is the hundreds digit of p(4)?
7
Let o(r) = -82*r**3 - 2*r**2 - 2*r. Let v(g) = g**2 + 2*g - 9. Let z be ((-16)/(-6))/(16/(-24)). Let h be v(z). What is the units digit of o(h)?
2
Let a(n) = 237*n + 14. Let t be a(2). Suppose -t = -4*j + 3936. Suppose -8*v = -j - 382. What is the units digit of v?
6
Let x be (-3)/(-12)*6338 - 14/(-28). Suppose 6*o + x = 6151. What is the units digit of o?
1
Suppose 9*l - 5212 = 18773. Suppose 17*f = l + 2639. Let i = f - 178. What is the units digit of i?
4
Let u = -1 + 6. Suppose u*s = s + 36. Suppose -14*w + s*w = -650. What is the tens digit of w?
3
Let g be (140/(-21))/(((-24)/27)/(-4)). Let x be 8*(-1)/3*45/g. Let q(f) = 3*f**3 + f**2 - 8*f + 23. What is the tens digit of q(x)?
9
Let t be (2 + (-4)/4)*(-4)/(-1). Suppose -t*u = -4*w - 84, -u + 3*u - 5*w - 45 = 0. What is the tens digit of 6/(-15) - (3 + (-488)/u)?
2
Suppose n - 197 = -3*u, 3*u - 7*n = -2*n + 167. Suppose s + u = 17*s. What is the units digit of -3 + 1/(s/452)?
0
Let s(c) = c - 1. Let w be s(4). Let h(q) = 30*q**2 + 13*q + 28. Let a be h(-7). Suppose 0 = -4*y - w*y + a. What is the hundreds digit of y?
2
Let g = 35491 - 24358. What is the ten thousands digit of g?
1
Let b(c) = 202*c + 113. Let l be b(-6). Let y = -705 - l. What is the tens digit of y?
9
Let u be (-768)/(-18) + 3/(9/(-2)). Let a = 42 - u. Suppose 4*c - 89 - 235 = a. What is the units digit of c?
1
Suppose -8954 + 66284 = 39*y. Suppose -21*r + y = -14*r. What is the units digit of r?
0
Let a be (0/(-1))/(-1) + -4. Let r(f) = 40*f - 10. Let j(u) = 675*u - 170. Let c(y) = -3*j(y) + 50*r(y). What is the tens digit of c(a)?
1
Suppose 0 = 7*i - 76 - 659. Let d = i - 114. Let x(l) = l**2 - 12*l - 39. What is the hundreds digit of x(d)?
1
Suppose 24*s + 2 = 25*s. Suppose 5*o - s = -3*w, 0 = w + 4*w + 5*o - 10. What is the units digit of (-2 + -2)/w + 73?
2
Suppose 0 = -28*l - 4*l + 224. Suppose l*f - 4608 = -5*f. What is the tens digit of f?
8
Let d be 1/(-2) + (-6)/12. Let a be (-2)/d + (-9)/((-72)/32). Suppose -3*z - 69 = -a*j + 5*j, 2*j + 2*z = 138. What is the tens digit of j?
6
Let i(r) = -r**3 - 8*r**2 + 17*r + 31. Let q be i(-15). Let k = q - 875. What is the units digit of k?
6
Suppose 0 = -8*p + 13*p, 4*p - 105311 = -5*b - 13921. What is the units digit of b?
8
Let h = -184 + 377. Let m = h + 8. What is the tens digit of (30/45)/(2/m)?
6
Let h = 1244 - 740. Let y be (20/195)/((-22)/(-33))*26. Suppose -p + y*p = h. What is the hundreds digit of p?
1
Let u be 61 + 1/(-1) - (-54)/(-18). Suppose 7 = -2*l + 4*i - 17, 4*l + i = -u. Let b(a) = a**2 + 8*a - 34. What is the units digit of b(l)?
0
Let q(l) = -l**3 + 2*l**2 - 1. Let r be q(-1). Suppose 2*f + r = -0*f + 3*w, 5*w - 2 = 4*f. What is the tens digit of 30*(-4 - (-10)/f)?
3
Suppose 2*o - 2*a = -12, 3*o - 6*o = -2*a + 20. Let w(f) = f**3 + 9*f**2 + 5*f - 17. Let l be w(o). Suppose 19 = 2*j - l. What is the tens digit of j?
1
Let m(p) be the first derivative of 1/4*p**4 + 1/3*p**3 + 0*p**2 + 157*p + 35. What is the tens digit of m(0)?
5
What is the hundreds digit of 2 + 270878/8 - 29/(-116)?
8
Suppose 2*c - n = -1265, 3*c - 5*n = -2*n - 1893. Let g = -1074 - -1984. Let y = c + g. What is the hundreds digit of y?
2
Suppose 0 = -9*z - 1510 - 3413. Let p = 395 - z. What is the hundreds digit of p?
9
Let b be 31/(-1)*(2 + (-36 - 5)). Suppose -b = 4*q - 7*q + 5*y, 0 = -q + 2*y + 402. Suppose 3*c + c - q = 0. What is the hundreds digit of c?
1
Suppose -i + 1 = -1. Suppose 32 = 4*h - i*h. Let p = 71 - h. What is the units digit of p?
5
Let a = 387 - 387. What is the hundreds digit of (328/(-20))/((-1)/65 + a)?
0
Let r be ((-185)/(-148))/(2/(-16)). What is the tens digit of (-8)/r - (9955/(-25) + -1)?
0
Suppose -4*v = -13 - 67. Let w(y) = y**2 - 16*y + 47. Let f be w(v). Let a = 222 - f. What is the tens digit of a?
9
Suppose -4*w + 12 = -5*m + 26, 0 = -2*w + 8. Suppose 6*n + m = 672. What is the tens digit of n?
1
Let c(w) = 2*w**2 - w + 70. Let u(o) = 9 - 2*o - 1 - 3 - 3. Let g be u(1). What is the tens digit of c(g)?
7
Suppose 6*a + z - 9115 = 70382, -4*a - 4*z = -53028. What is the ten thousands digit of a?
1
Let a = 76898 + -52521. What is the ten thousands digit of a?
2
Let z(g) = -5*g**3 + 22*g**2 - 9*g - 74. Let c(m) = -m**3 + m. Let w(r) = -4*c(r) + z(r). What is the